{"id":59,"date":"2011-11-02T15:33:32","date_gmt":"2011-11-02T15:33:32","guid":{"rendered":"https:\/\/www.lesamesnocturnes.com\/?page_id=59"},"modified":"2013-08-22T09:29:54","modified_gmt":"2013-08-22T09:29:54","slug":"la-belle-la-bete","status":"publish","type":"page","link":"https:\/\/www.lesamesnocturnes.com\/?page_id=59","title":{"rendered":"La Belle &#038; la B\u00eate"},"content":{"rendered":"<p><a href=\"https:\/\/www.lesamesnocturnes.com\/wp-content\/uploads\/2011\/11\/belleetbete.jpg\"><img loading=\"lazy\" decoding=\"async\" class=\"alignleft size-full wp-image-60\" title=\"La Belle &amp; la B\u00eate\" src=\"https:\/\/www.lesamesnocturnes.com\/wp-content\/uploads\/2011\/11\/belleetbete.jpg\" alt=\"La Belle &amp; la B\u00eate\" width=\"500\" height=\"332\" srcset=\"https:\/\/www.lesamesnocturnes.com\/wp-content\/uploads\/2011\/11\/belleetbete.jpg 500w, https:\/\/www.lesamesnocturnes.com\/wp-content\/uploads\/2011\/11\/belleetbete-300x199.jpg 300w\" sizes=\"auto, (max-width: 500px) 100vw, 500px\" \/><\/a><em>F\u00e9erie visuelle et musicale pour cinq com\u00e9diens, acrobates, danseurs et marionnettistes, une plong\u00e9e dans le merveilleux et le myst\u00e8re du c\u00e9l\u00e8bre conte initiatique du XVIIIe si\u00e8cle.<\/em><\/p>\n<p>adaptation, mise en sc\u00e8ne et direction artistique <strong>C\u00e9cile Roussat<\/strong> &amp; <strong>Julien Lubek<\/strong> | costumes <strong>David Messinger<\/strong> | sc\u00e9nographie <strong>Antoine Milian<\/strong> | lumi\u00e8res <strong>Cl\u00e9ment Bonnin<\/strong> | mixage son <strong>Matthieu Ply<\/strong> | com\u00e9diens, danseurs, marionnettistes <strong>Stefano Amori<\/strong>, <strong>Alex Sander Dos Santos<\/strong> ou <strong>Binho Sauvitzy<\/strong>, <strong>Akiko Veaux<\/strong>, <strong>C\u00e9cile Roussat<\/strong>, <strong>Julien Lubek<\/strong> | textes <strong>Jeanne-Marie Leprince de Beaumont<\/strong> | musiques <strong>Wolfgang Amadeus Mozart<\/strong>, <strong>Joseph Haydn<\/strong> et <strong>Andr\u00e9 Ernest Modeste Gr\u00e9try<\/strong><\/p>\n<p><em><strong><\/strong>La Belle &amp; la B\u00eate<\/em> s&rsquo;inspire des contes embl\u00e9matiques de Madame de Villeneuve et de Jeanne-Marie Leprince de Beaumont qui popularis\u00e8rent le th\u00e8me de l&rsquo;\u00e9poux monstrueux pour longtemps, jusqu&rsquo;au film de Jean Cocteau. Le Shlemil Th\u00e9\u00e2tre a choisi de faire revivre ce mythe, en imaginant une libre fantaisie et en poursuivant ainsi son exploration du merveilleux \u00e0 travers les \u00e2ges. Une sc\u00e9nographie surprenante et enchanteresse, les plus belles pages de Mozart, Haydn et Gr\u00e9try invitent les spectateurs \u00e0 un passionnant voyage dans l&rsquo;imaginaire exotique de la fin du XVIIIe si\u00e8cle.<\/p>\n<p><em>De notre assez longue vie de spectateur, cette production est une des rares o\u00f9 l\u2019onirisme devient pr\u00e9hensible aux sens, sans d\u00e9semparer, pendant toute la dur\u00e9e de la repr\u00e9sentation. L\u2019imaginaire sc\u00e9nographique qui, ici, prend chair est celui des livres anim\u00e9s dont, enfant, nous avons raffol\u00e9. (\u2026) La pantomime envo\u00fbte par son savant alliage de r\u00e9cit, quelquefois effrayant, et d\u2019humour.<\/em> <strong>ResMusica<\/strong><\/p>\n<!-- default-view.php -->\n<div\n\tclass=\"ngg-galleryoverview default-view  ngg-ajax-pagination-none\"\n\tid=\"ngg-gallery-e4453ad4cdf7d420c749a19e24f5a38e-1\">\n\n\t\t<!-- Thumbnails -->\n\t\t\t\t<div id=\"ngg-image-0\" class=\"ngg-gallery-thumbnail-box ngg-8-columns\" >\n\t\t\t\t        <div class=\"ngg-gallery-thumbnail\">\n            <a href=\"https:\/\/www.lesamesnocturnes.com\/wp-content\/gallery\/belle\/belle1.jpg\"\n               title=\"\"\n               data-src=\"https:\/\/www.lesamesnocturnes.com\/wp-content\/gallery\/belle\/belle1.jpg\"\n               data-thumbnail=\"https:\/\/www.lesamesnocturnes.com\/wp-content\/gallery\/belle\/thumbs\/thumbs_belle1.jpg\"\n               data-image-id=\"15\"\n               data-title=\"belle1\"\n               data-description=\"\"\n               data-image-slug=\"belle1\"\n               class=\"shutterset_e4453ad4cdf7d420c749a19e24f5a38e\">\n                <img\n                    title=\"belle1\"\n                    alt=\"belle1\"\n                    src=\"https:\/\/www.lesamesnocturnes.com\/wp-content\/gallery\/belle\/thumbs\/thumbs_belle1.jpg\"\n                    width=\"100\"\n                    height=\"75\"\n                    style=\"max-width:100%;\"\n                \/>\n            <\/a>\n        <\/div>\n\t\t\t\t\t\t\t<\/div> \n\t\t\t\n\t\t\t\t<div id=\"ngg-image-1\" class=\"ngg-gallery-thumbnail-box ngg-8-columns\" >\n\t\t\t\t        <div class=\"ngg-gallery-thumbnail\">\n            <a href=\"https:\/\/www.lesamesnocturnes.com\/wp-content\/gallery\/belle\/belle2.jpg\"\n               title=\"\"\n               data-src=\"https:\/\/www.lesamesnocturnes.com\/wp-content\/gallery\/belle\/belle2.jpg\"\n               data-thumbnail=\"https:\/\/www.lesamesnocturnes.com\/wp-content\/gallery\/belle\/thumbs\/thumbs_belle2.jpg\"\n               data-image-id=\"16\"\n               data-title=\"belle2\"\n               data-description=\"\"\n               data-image-slug=\"belle2\"\n               class=\"shutterset_e4453ad4cdf7d420c749a19e24f5a38e\">\n                <img\n                    title=\"belle2\"\n                    alt=\"belle2\"\n                    src=\"https:\/\/www.lesamesnocturnes.com\/wp-content\/gallery\/belle\/thumbs\/thumbs_belle2.jpg\"\n                    width=\"100\"\n                    height=\"75\"\n                    style=\"max-width:100%;\"\n                \/>\n            <\/a>\n        <\/div>\n\t\t\t\t\t\t\t<\/div> \n\t\t\t\n\t\t\t\t<div id=\"ngg-image-2\" class=\"ngg-gallery-thumbnail-box ngg-8-columns\" >\n\t\t\t\t        <div class=\"ngg-gallery-thumbnail\">\n            <a href=\"https:\/\/www.lesamesnocturnes.com\/wp-content\/gallery\/belle\/belle3.jpg\"\n               title=\"\"\n               data-src=\"https:\/\/www.lesamesnocturnes.com\/wp-content\/gallery\/belle\/belle3.jpg\"\n               data-thumbnail=\"https:\/\/www.lesamesnocturnes.com\/wp-content\/gallery\/belle\/thumbs\/thumbs_belle3.jpg\"\n               data-image-id=\"17\"\n               data-title=\"belle3\"\n               data-description=\"\"\n               data-image-slug=\"belle3\"\n               class=\"shutterset_e4453ad4cdf7d420c749a19e24f5a38e\">\n                <img\n                    title=\"belle3\"\n                    alt=\"belle3\"\n                    src=\"https:\/\/www.lesamesnocturnes.com\/wp-content\/gallery\/belle\/thumbs\/thumbs_belle3.jpg\"\n                    width=\"100\"\n                    height=\"75\"\n                    style=\"max-width:100%;\"\n                \/>\n            <\/a>\n        <\/div>\n\t\t\t\t\t\t\t<\/div> \n\t\t\t\n\t\t\t\t<div id=\"ngg-image-3\" class=\"ngg-gallery-thumbnail-box ngg-8-columns\" >\n\t\t\t\t        <div class=\"ngg-gallery-thumbnail\">\n            <a href=\"https:\/\/www.lesamesnocturnes.com\/wp-content\/gallery\/belle\/belle4.jpg\"\n               title=\"\"\n               data-src=\"https:\/\/www.lesamesnocturnes.com\/wp-content\/gallery\/belle\/belle4.jpg\"\n               data-thumbnail=\"https:\/\/www.lesamesnocturnes.com\/wp-content\/gallery\/belle\/thumbs\/thumbs_belle4.jpg\"\n               data-image-id=\"18\"\n               data-title=\"belle4\"\n               data-description=\"\"\n               data-image-slug=\"belle4\"\n               class=\"shutterset_e4453ad4cdf7d420c749a19e24f5a38e\">\n                <img\n                    title=\"belle4\"\n                    alt=\"belle4\"\n                    src=\"https:\/\/www.lesamesnocturnes.com\/wp-content\/gallery\/belle\/thumbs\/thumbs_belle4.jpg\"\n                    width=\"100\"\n                    height=\"75\"\n                    style=\"max-width:100%;\"\n                \/>\n            <\/a>\n        <\/div>\n\t\t\t\t\t\t\t<\/div> \n\t\t\t\n\t\t\t\t<div id=\"ngg-image-4\" class=\"ngg-gallery-thumbnail-box ngg-8-columns\" >\n\t\t\t\t        <div class=\"ngg-gallery-thumbnail\">\n            <a href=\"https:\/\/www.lesamesnocturnes.com\/wp-content\/gallery\/belle\/belle5.jpg\"\n               title=\"\"\n               data-src=\"https:\/\/www.lesamesnocturnes.com\/wp-content\/gallery\/belle\/belle5.jpg\"\n               data-thumbnail=\"https:\/\/www.lesamesnocturnes.com\/wp-content\/gallery\/belle\/thumbs\/thumbs_belle5.jpg\"\n               data-image-id=\"19\"\n               data-title=\"belle5\"\n               data-description=\"\"\n               data-image-slug=\"belle5\"\n               class=\"shutterset_e4453ad4cdf7d420c749a19e24f5a38e\">\n                <img\n                    title=\"belle5\"\n                    alt=\"belle5\"\n                    src=\"https:\/\/www.lesamesnocturnes.com\/wp-content\/gallery\/belle\/thumbs\/thumbs_belle5.jpg\"\n                    width=\"100\"\n                    height=\"75\"\n                    style=\"max-width:100%;\"\n                \/>\n            <\/a>\n        <\/div>\n\t\t\t\t\t\t\t<\/div> \n\t\t\t\n\t\t\t\t<div id=\"ngg-image-5\" class=\"ngg-gallery-thumbnail-box ngg-8-columns\" >\n\t\t\t\t        <div class=\"ngg-gallery-thumbnail\">\n            <a href=\"https:\/\/www.lesamesnocturnes.com\/wp-content\/gallery\/belle\/belle6.jpg\"\n               title=\"\"\n               data-src=\"https:\/\/www.lesamesnocturnes.com\/wp-content\/gallery\/belle\/belle6.jpg\"\n               data-thumbnail=\"https:\/\/www.lesamesnocturnes.com\/wp-content\/gallery\/belle\/thumbs\/thumbs_belle6.jpg\"\n               data-image-id=\"20\"\n               data-title=\"belle6\"\n               data-description=\"\"\n               data-image-slug=\"belle6\"\n               class=\"shutterset_e4453ad4cdf7d420c749a19e24f5a38e\">\n                <img\n                    title=\"belle6\"\n                    alt=\"belle6\"\n                    src=\"https:\/\/www.lesamesnocturnes.com\/wp-content\/gallery\/belle\/thumbs\/thumbs_belle6.jpg\"\n                    width=\"100\"\n                    height=\"75\"\n                    style=\"max-width:100%;\"\n                \/>\n            <\/a>\n        <\/div>\n\t\t\t\t\t\t\t<\/div> \n\t\t\t\n\t\t\t\t<div id=\"ngg-image-6\" class=\"ngg-gallery-thumbnail-box ngg-8-columns\" >\n\t\t\t\t        <div class=\"ngg-gallery-thumbnail\">\n            <a href=\"https:\/\/www.lesamesnocturnes.com\/wp-content\/gallery\/belle\/belle7.jpg\"\n               title=\"\"\n               data-src=\"https:\/\/www.lesamesnocturnes.com\/wp-content\/gallery\/belle\/belle7.jpg\"\n               data-thumbnail=\"https:\/\/www.lesamesnocturnes.com\/wp-content\/gallery\/belle\/thumbs\/thumbs_belle7.jpg\"\n               data-image-id=\"21\"\n               data-title=\"belle7\"\n               data-description=\"\"\n               data-image-slug=\"belle7\"\n               class=\"shutterset_e4453ad4cdf7d420c749a19e24f5a38e\">\n                <img\n                    title=\"belle7\"\n                    alt=\"belle7\"\n                    src=\"https:\/\/www.lesamesnocturnes.com\/wp-content\/gallery\/belle\/thumbs\/thumbs_belle7.jpg\"\n                    width=\"100\"\n                    height=\"75\"\n                    style=\"max-width:100%;\"\n                \/>\n            <\/a>\n        <\/div>\n\t\t\t\t\t\t\t<\/div> \n\t\t\t\n\t\t\t\t<div id=\"ngg-image-7\" class=\"ngg-gallery-thumbnail-box ngg-8-columns\" >\n\t\t\t\t        <div class=\"ngg-gallery-thumbnail\">\n            <a href=\"https:\/\/www.lesamesnocturnes.com\/wp-content\/gallery\/belle\/belle.jpg\"\n               title=\"\"\n               data-src=\"https:\/\/www.lesamesnocturnes.com\/wp-content\/gallery\/belle\/belle.jpg\"\n               data-thumbnail=\"https:\/\/www.lesamesnocturnes.com\/wp-content\/gallery\/belle\/thumbs\/thumbs_belle.jpg\"\n               data-image-id=\"42\"\n               data-title=\"belle\"\n               data-description=\"\"\n               data-image-slug=\"belle\"\n               class=\"shutterset_e4453ad4cdf7d420c749a19e24f5a38e\">\n                <img\n                    title=\"belle\"\n                    alt=\"belle\"\n                    src=\"https:\/\/www.lesamesnocturnes.com\/wp-content\/gallery\/belle\/thumbs\/thumbs_belle.jpg\"\n                    width=\"100\"\n                    height=\"75\"\n                    style=\"max-width:100%;\"\n                \/>\n            <\/a>\n        <\/div>\n\t\t\t\t\t\t\t<\/div> \n\t\t\t\n\t\n\t<br style=\"clear: both\" \/>\n\n\t\n\t\t<!-- Pagination -->\n\t<div class='ngg-clear'><\/div>\t<\/div>\n\n<p><strong>Du conte et de la fable<\/strong><\/p>\n<p>Ce conte est tout autant une m\u00e9taphore du passage \u00e0 l\u2019\u00e2ge adulte, qu\u2019une fable sur les apparences et leurs mensonges. L\u2019adaptation qu\u2019en fait le Shlemil Th\u00e9\u00e2tre est un parcours \u00e9tonnant aux confins du merveilleux, o\u00f9 monstruosit\u00e9 et puret\u00e9 se rejoignent dans une histoire aux niveaux de lectures multiples, port\u00e9e par la magie des images et la puissance \u00e9vocatrice des musiques.<\/p>\n<p>\u00c0 cette fin, le spectacle conserve le cadre du conte : le rideau se l\u00e8ve sur un enfant lisant son livre, avant de s\u2019endormir et de p\u00e9n\u00e9trer dans les images qu\u2019il contemplait. Ce personnage, porte d\u2019entr\u00e9e vers le r\u00eave, revient \u00e0 intervalles r\u00e9guliers, narrateur vivant son histoire au pr\u00e9sent, humain identifiable parmi des cr\u00e9atures fantastiques.<\/p>\n<p>C\u2019est en effet dans un esprit de f\u00e9erie que s&rsquo;inscrit ce spectacle. La mise en sc\u00e8ne aborde et transcende l\u2019immense force symbolique de ce conte. Elle place le merveilleux dans un univers visuel complet, o\u00f9 par jeux de miroirs et d\u2019illusions ench\u00e2ss\u00e9s, le songe et la r\u00e9alit\u00e9 s\u2019interp\u00e9n\u00e8trent.<\/p>\n<p><em>La Belle &amp; la B\u00eate<\/em> propose un langage visuel multiple fond\u00e9 sur l\u2019art du mime, de la manipulation d\u2019objets, de la danse, du cirque et de la magie. Autant de disciplines propices \u00e0 servir subtilement le symbolisme des lieux et des situations, et \u00e0 impr\u00e9gner l\u2019histoire d\u2019un esprit po\u00e9tique et f\u00e9erique.<\/p>\n<p>Le rapport du geste \u00e0 la musique est un axe central du travail de la compagnie et constitue un fil conducteur dans cet univers pluriel. La trame musicale insuffle \u00e9nergie et folie aux corps des acteurs, joue avec les ruptures de ton des s\u00e9quences burlesques, et se marie avec gr\u00e2ce aux sc\u00e8nes dans\u00e9es.<br \/>\nLe d\u00e9cor et les costumes sont pour nous des \u00e9l\u00e9ments de jeu essentiels. Ils construisent l\u2019image d\u2019un Merveilleux patin\u00e9 et oubli\u00e9. D\u2019o\u00f9 le choix d\u2019une esth\u00e9tique nourrie \u00e0 la fois de r\u00e9f\u00e9rences historiques et d\u2019un surr\u00e9alisme intemporel, celui du Conte de F\u00e9es. Et de certaines transpositions par rapport \u00e0 l\u2019\u0153uvre originale : la Belle se d\u00e9double, ses a\u00een\u00e9es sont des siamoises, le P\u00e8re est un pleutre ivrogne, et le ch\u00e2teau de la B\u00eate est hant\u00e9 par des singes \u00e0 roulettes.<\/p>\n<p>Un carrosse plant\u00e9 \u00e0 la verticale, un lit d\u00e9mesur\u00e9 dissimulant un trampoline, un miroir \u00e0 transformations, une table de festin suspendue dans les airs, une tonnelle recouverte de roses sauvages\u2026 : m\u00e9tamorphoses, illusion, effets magiques aussi simples qu\u2019\u00e9tonnants donnent vie \u00e0 une sc\u00e9nographie imposante et f\u00e9erique.<\/p>\n<p>Enfin, le parti pris du jeu masqu\u00e9 pour tous les personnages except\u00e9 l\u2019enfant-narrateur, permet d\u2019essentialiser et de styliser leurs caract\u00e9ristiques universelles. Masques entiers, demi-masques et perruques d\u00e9clinent cet aspect irr\u00e9el et intemporel de la repr\u00e9sentation du visage. Au-del\u00e0 m\u00eame, les costumes transforment les corps des danseurs-acteurs, brouillant les pistes pour effacer, dans un jeu quasi marionnettique, le manipulateur derri\u00e8re son apparence. L\u2019artifice th\u00e9\u00e2tral devient lui-m\u00eame objet de jeu. Ce principe atteignant son paroxysme dans la figure de la B\u00eate : une marionnette g\u00e9ante de 3 m 50 de haut, manipul\u00e9e \u00e0 vue par l\u2019enfant-conteur.<\/p>\n<p>C\u00e9cile Roussat et Julien Lubek<\/p>\n<p><strong>coproduction<\/strong> Centre de musique baroque de Versailles (CMBV),<br \/>\nFestival de Santiago de Compostela (Espagne), Conseil g\u00e9n\u00e9ral des Yvelines (78),<br \/>\nLe Shlemil Th\u00e9\u00e2tre | avec le soutien et en r\u00e9sidence de cr\u00e9ation au<br \/>\nCentre Culturel Jean Vilar de Marly-le-Roi (78), et en r\u00e9sidence au<br \/>\nChapiteau de Porchefontaine (78).<\/p>\n","protected":false},"excerpt":{"rendered":"<p>F\u00e9erie visuelle et musicale pour cinq com\u00e9diens, acrobates, danseurs et marionnettistes, une plong\u00e9e dans le merveilleux et le myst\u00e8re du c\u00e9l\u00e8bre conte initiatique du XVIIIe si\u00e8cle. adaptation, mise en sc\u00e8ne et direction artistique C\u00e9cile Roussat &amp; Julien Lubek | costumes David Messinger | sc\u00e9nographie Antoine Milian | lumi\u00e8res Cl\u00e9ment Bonnin | mixage son Matthieu Ply [&hellip;]<\/p>\n","protected":false},"author":2,"featured_media":0,"parent":0,"menu_order":0,"comment_status":"open","ping_status":"open","template":"","meta":{"ngg_post_thumbnail":0,"footnotes":""},"class_list":["post-59","page","type-page","status-publish","hentry"],"_links":{"self":[{"href":"https:\/\/www.lesamesnocturnes.com\/index.php?rest_route=\/wp\/v2\/pages\/59","targetHints":{"allow":["GET"]}}],"collection":[{"href":"https:\/\/www.lesamesnocturnes.com\/index.php?rest_route=\/wp\/v2\/pages"}],"about":[{"href":"https:\/\/www.lesamesnocturnes.com\/index.php?rest_route=\/wp\/v2\/types\/page"}],"author":[{"embeddable":true,"href":"https:\/\/www.lesamesnocturnes.com\/index.php?rest_route=\/wp\/v2\/users\/2"}],"replies":[{"embeddable":true,"href":"https:\/\/www.lesamesnocturnes.com\/index.php?rest_route=%2Fwp%2Fv2%2Fcomments&post=59"}],"version-history":[{"count":13,"href":"https:\/\/www.lesamesnocturnes.com\/index.php?rest_route=\/wp\/v2\/pages\/59\/revisions"}],"predecessor-version":[{"id":142,"href":"https:\/\/www.lesamesnocturnes.com\/index.php?rest_route=\/wp\/v2\/pages\/59\/revisions\/142"}],"wp:attachment":[{"href":"https:\/\/www.lesamesnocturnes.com\/index.php?rest_route=%2Fwp%2Fv2%2Fmedia&parent=59"}],"curies":[{"name":"wp","href":"https:\/\/api.w.org\/{rel}","templated":true}]}}